 ((-3575)/300 - -12)?
2, 31, 73
Let d(x) = x**3 - 60*x**2 + 61*x - 83. Let l be d(40). List the prime factors of 12/(-21) - l/21.
17, 83
Let q(j) = -j**2 + 17*j - 66. Let v be q(7). Suppose 8*d = 4*g + 5*d - 1689, 2*g - v*d = 832. List the prime factors of g.
2, 3, 71
List the prime factors of ((-797)/3 + (-56)/24)/(4/(-746)).
2, 67, 373
Suppose 20076 = 3*z - 11493. What are the prime factors of z?
17, 619
Let u be 1 + -4 + 2 - 224/(-56). List the prime factors of 1 - (-1456*u)/8.
547
Let q be -1 + 10 - (39/13 + 0). Suppose -q*i - 17 = -323. List the prime factors of i.
3, 17
Let p(u) = 3*u**3 + 51*u**2 + 17*u - 19. Let x be p(-15). Suppose 35*k - 24124 = x. List the prime factors of k.
2, 3, 5
Let j = -25266 - -38108. List the prime factors of j.
2, 6421
Suppose -61 = 4*c - 2*l + 65, -4*l = 3*c + 78. List the prime factors of 2/12*839 + (-5)/c.
2, 5, 7
Let z = -94 + 126. Suppose 0 = z*m - 27*m - 220. List the prime factors of m.
2, 11
Suppose -2*a + 1737*f = 1734*f - 101100, -4*a - 4*f = -202260. List the prime factors of a.
3, 19, 887
Let l = -274 - -265. What are the prime factors of (-1)/(-2)*l*(8 + -66)?
3, 29
Let a(c) = c**3 - 10*c**2 + 1. Let l be a(10). Let d be 150*(3 - 52/20) + l. Let x = d + -8. List the prime factors of x.
53
Suppose 196 = -62*l + 66*l. Let y = 54 - l. Suppose -5*t = y*p - 1045, -p + 2*p + 5*t = 209. List the prime factors of p.
11, 19
Suppose -3*g - 182 = -16*g. What are the prime factors of 336/(-32)*(-552)/g?
2, 3, 23
Suppose 1205*b = 1202*b + 17898. What are the prime factors of b?
2, 19, 157
Suppose -8*v = -5*b - 5*v + 1620, -b + 5*v = -324. Suppose 4*l - 6*k + k = -648, -2*l = 3*k + b. Let a = 42 - l. What are the prime factors of a?
2, 3, 17
List the prime factors of ((-1823225)/65)/(-5) - (-2)/26.
2, 3, 5, 11, 17
Let n = 905 - 655. Let a = 236 + n. List the prime factors of a.
2, 3
Let u(w) = -40*w**3 - 11*w**2 - 94*w + 13. What are the prime factors of u(-7)?
2, 3463
Suppose -80*y - 3047 = -5840 - 21207. What are the prime factors of y?
2, 3, 5
Suppose -3*y - 4603 = -46*q + 45*q, -3*y - 6 = 0. What are the prime factors of q?
4597
Suppose 110*o - 13543 = 1153 - 1166. What are the prime factors of o?
3, 41
Let n(u) be the third derivative of u**5/60 - 11*u**4/12 - 44*u**3/3 - 27*u**2 - 1. What are the prime factors of n(-17)?
5, 23
Let r = -247 + 223. What are the prime factors of 23/((-9)/r*(-2)/(-15))?
2, 5, 23
List the prime factors of -12 - (31 - 21 - 5441).
5419
Let i(g) = 4*g**2 + 8*g + 4906. List the prime factors of i(-100).
2, 3, 7351
Let l = 77203 - 54633. List the prime factors of l.
2, 5, 37, 61
Suppose 2362 = j - 2705. What are the prime factors of j?
3, 563
Let f = 98 + -86. Suppose 0 = 3*v - z - f, 41 = 4*v + 4*z + 9. Suppose 5*n - 1335 = -5*l, -v*n - l = -2*l - 1365. List the prime factors of n.
2, 17
Suppose 3*y - 10*j = -13*j + 63336, 0 = y - 5*j - 21130. List the prime factors of y.
5, 41, 103
Let o = -66 + 11. Let p(a) = 48*a + 1. Let k be p(3). Let g = o + k. List the prime factors of g.
2, 3, 5
Let i be (64 - 56) + 1 + -5. Suppose -i*s - 3836 = -2*b, 4*b + 4*s - 7716 = -68. What are the prime factors of b?
2, 3, 11, 29
Let y(a) = 14*a**2 - 138*a + 9. List the prime factors of y(34).
7, 31, 53
Let h be ((-1)/1)/((-3)/24). Suppose 0*a + a - 40 = -d, -3*d = 5*a - 122. Let y = h + d. List the prime factors of y.
47
Suppose 56*l - 22493 = 13179. Let x = l - 141. List the prime factors of x.
2, 31
What are the prime factors of (6145 + -1)*(-870)/(-1160)?
2, 3
Suppose -2*s + 20716 - 493 = -5*g, -1 = -g. List the prime factors of s.
2, 13, 389
Suppose 0 = 5*q - 3 - 2. Let v be (4 + (-700)/(-7))/(q/(-32)). List the prime factors of v/(-40) + (4/10)/(-2).
83
Let v(l) = 8*l - 74. Let u be v(9). What are the prime factors of (u - 4/(-1))/(3/42)?
2, 7
List the prime factors of (-27 - (-79 - 14))*(-214)/(-4).
3, 11, 107
Let h(q) be the second derivative of q**4/12 + q**3/6 - 3*q**2 - 14*q. Let c be h(3). Suppose -c*p = -13*p + 35. List the prime factors of p.
5
Suppose 5*r - 30 = -5*x, -5*x + 0*x = -r. Let u(b) = -3 + 18*b - 16 + r. What are the prime factors of u(6)?
2, 47
Suppose 20 = -i + 5*i, -2*s - i = -13. Suppose -2*c = 2*m - 4*c - 2030, -4*c + 4068 = s*m. List the prime factors of m.
2, 127
Let r(h) = 51*h - 25. Let w be r(-4). Let t = w - -619. List the prime factors of t.
2, 3, 5, 13
Let w(m) = m**2 - 28*m - 36. Let f be w(30). Suppose -k - 2*j + 360 = k, 536 = 3*k + j. Suppose 26*h = f*h + k. List the prime factors of h.
89
Let p(s) = -s**2 + 9*s + 2. Let z be p(9). Let h be -1*(-1)/1*(-1 - -5). Suppose -z*f - h*f = -540. What are the prime factors of f?
2, 3, 5
Let r = 1904 - 680. Suppose 4*v = 4*w - r, 0*w + w - 4*v - 306 = 0. List the prime factors of w.
2, 3, 17
Let c(o) be the third derivative of 0 + 1/120*o**6 + 37*o**2 + 0*o + 1/15*o**5 + 2/3*o**3 - 5/24*o**4. List the prime factors of c(-5).
2
Let t(l) = -11*l**3 - 6*l**2 + 42*l + 7. What are the prime factors of t(-9)?
2, 3581
Let m be 2 + 10/(-6) - (-16)/(-48). Suppose 3*b - 5*g - 836 = m, 4*b - 3*g - g = 1104. Suppose -u = 3*o - 92, b = 3*u - o + 6*o. List the prime factors of u.
89
Let j(z) = z**2 + 5*z - 6. Let a be j(-6). Suppose a = -11*t + 10*t. Suppose 2*o - 157 = -0*o - 3*v, -4*o + 3*v + 323 = t. List the prime factors of o.
2, 5
Suppose 3*m = 15*m + 276. Let j(k) = k**2 - 6*k - 28. List the prime factors of j(m).
3, 71
Let x = -310 + 198. List the prime factors of (18400/x)/((-2)/14).
2, 5, 23
Suppose 5*u = 2*r - 16, 9 = 4*r + u - 1. Suppose 2*i = r*i. Suppose o = -i*o + 83. What are the prime factors of o?
83
Let r be 21*(6 - (-85)/(-15)). Suppose r*d - 5*d = 4, 4*n + 3*d = 1854. What are the prime factors of n?
2, 3, 7, 11
Let x(f) = 245*f - 193. List the prime factors of x(25).
2, 1483
Suppose 7*n + 20 = 2*n, 5*i + 4132 = -3*n. Let q = 1096 + i. What are the prime factors of q?
2, 17
Suppose -18*f + 816713 = 25253. List the prime factors of f.
2, 5, 4397
Let r(k) = -k**3 - 70*k**2 + 88*k - 128. List the prime factors of r(-83).
3, 5, 73
Let p be (2 - 5) + 1 + 10. Let y(o) = 3*o**3 + 3*o**2 + 5*o + 3. Let k be y(4). Suppose -k = -p*x + 161. List the prime factors of x.
53
Let i(x) = 448*x - 896. List the prime factors of i(17).
2, 3, 5, 7
Suppose 162 - 2648 = -11*c. Suppose 11*z = -600 + c. Let i = z + 91. What are the prime factors of i?
3, 19
Let d = -3176 - -19204. List the prime factors of d.
2, 4007
Suppose 0 = -3*w - 2*w - 2*p + 40, -49 = -4*w - 5*p. Let q(h) = -283*h - 26. Let y be q(w). List the prime factors of y/(-14) - 2/14.
3, 41
Suppose -2*m - 10 = 2*l - 4*m, 2*m = 10. Suppose -1341 = -3*x + j + 2*j, l = -2*x + 5*j + 909. List the prime factors of x.
2, 13, 17
Suppose 208537 - 421214 = -33*h + 311099. What are the prime factors of h?
2, 31
Let n be (-3)/(-2)*(-272)/(-51). Suppose -13*b = -n*b - 5495. Suppose -b = -12*g - 211. List the prime factors of g.
2, 37
Let r = 83548 - 43826. Suppose 38*v - r = 3788. List the prime factors of v.
5, 229
Let v be (0 - -2)/(6/(-1932)). Let u = v - -1273. Suppose -4*n + k + u = 0, 0 = -2*n + 2*k + 3*k + 301. What are the prime factors of n?
2, 79
Let d = 719 + -126. Let m = -144 + d. List the prime factors of m.
449
Suppose -72*d + 17*d = 8*d - 218610. What are the prime factors of d?
2, 5, 347
Let y = 6902 + 16238. What are the prime factors of 10/(-45) + y/45?
2, 257
Let x(p) = p**2 + 9*p + 16. Let b be x(-7). Suppose q - 6*q = a - 1250, -5*q + b*a + 1265 = 0. What are the prime factors of q?
251
Suppose 16*x + 238 = -930. Let g = 1220 - x. What are the prime factors of g?
3, 431
What are the prime factors of (18414 - (-1)/(-1)) + -151 + 159?
13, 109
Suppose -6*g + 2299 = -5165. Let b = -875 + g. List the prime factors of b.
3, 41
Let t(i) = -29*i + 80. Let l(g) = -28*g + 81. Let f(d) = -4*l(d) + 3*t(d). What are the prime factors of f(13)?
241
Let t be (-1)/((-92)/(-91) - 1). Suppose -52 = 4*o + 688. Let f = t - o. List the prime factors of f.
2, 47
Suppose -217*f - 495400 + 6749781 = -2579906. List the prime factors of f.
11, 3701
Suppose 216*q - 5075205 = 3145107. List the prime factors of q.
19, 2003
Let s(t) = -1707*t - 1638. List the prime factors of s(-13).
3, 13, 17, 31
Let l be (-11 + 643)*(0 + (-34)/(-8)). Let s = l - 1903. What are the prime factors o